 is divided by 438.
428
Calculate the remainder when 1503 is divided by 308.
271
Calculate the remainder when 44673 is divided by 219.
216
Calculate the remainder when 45432 is divided by 4130.
2
What is the remainder when 15821 is divided by 40?
21
What is the remainder when 1309 is divided by 101?
97
What is the remainder when 276439 is divided by 9532?
11
Calculate the remainder when 338882 is divided by 48.
2
Calculate the remainder when 51092 is divided by 192.
20
Calculate the remainder when 900466 is divided by 33.
28
What is the remainder when 1099710 is divided by 41?
8
Calculate the remainder when 14838 is divided by 9.
6
Calculate the remainder when 281 is divided by 60.
41
What is the remainder when 6064 is divided by 505?
4
Calculate the remainder when 84022 is divided by 54.
52
What is the remainder when 64745 is divided by 332?
5
Calculate the remainder when 970 is divided by 62.
40
Calculate the remainder when 69031 is divided by 3132.
127
What is the remainder when 14429 is divided by 209?
8
Calculate the remainder when 790392 is divided by 23.
20
What is the remainder when 13962 is divided by 33?
3
Calculate the remainder when 291 is divided by 136.
19
What is the remainder when 1165296 is divided by 233057?
11
What is the remainder when 316173 is divided by 129?
123
Calculate the remainder when 347102 is divided by 337.
329
Calculate the remainder when 274772 is divided by 154.
36
What is the remainder when 59643 is divided by 59?
53
What is the remainder when 344314 is divided by 67?
1
Calculate the remainder when 34703 is divided by 9.
8
Calculate the remainder when 2259 is divided by 33.
15
Calculate the remainder when 8367 is divided by 935.
887
What is the remainder when 710 is divided by 182?
164
What is the remainder when 85495 is divided by 76?
71
Calculate the remainder when 3932 is divided by 275.
82
Calculate the remainder when 1097452 is divided by 1260.
1252
What is the remainder when 8264 is divided by 8261?
3
What is the remainder when 54300 is divided by 533?
467
Calculate the remainder when 101967 is divided by 7282.
19
Calculate the remainder when 21180 is divided by 1238.
134
What is the remainder when 21641 is divided by 1026?
95
What is the remainder when 2134 is divided by 725?
684
Calculate the remainder when 1484049 is divided by 138.
135
What is the remainder when 1183 is divided by 402?
379
Calculate the remainder when 657063 is divided by 124.
111
What is the remainder when 2382 is divided by 2?
0
Calculate the remainder when 5797 is divided by 366.
307
Calculate the remainder when 37273 is divided by 12419.
16
Calculate the remainder when 29105 is divided by 154.
153
Calculate the remainder when 95900 is divided by 108.
104
Calculate the remainder when 18433 is divided by 2294.
81
Calculate the remainder when 93273 is divided by 298.
297
What is the remainder when 1035904 is divided by 5?
4
What is the remainder when 440 is divided by 13?
11
What is the remainder when 11119 is divided by 11074?
45
Calculate the remainder when 6754911 is divided by 1458.
1455
Calculate the remainder when 275 is divided by 13.
2
Calculate the remainder when 17454 is divided by 263.
96
Calculate the remainder when 26840 is divided by 225.
65
Calculate the remainder when 558 is divided by 16.
14
What is the remainder when 229342 is divided by 32761?
15
Calculate the remainder when 95479 is divided by 124.
123
Calculate the remainder when 61059 is divided by 1694.
75
Calculate the remainder when 7157 is divided by 200.
157
Calculate the remainder when 221334 is divided by 53.
6
What is the remainder when 9926 is divided by 9718?
208
Calculate the remainder when 48960 is divided by 94.
80
What is the remainder when 180829 is divided by 130?
129
What is the remainder when 30654 is divided by 2358?
0
Calculate the remainder when 36567 is divided by 269.
252
Calculate the remainder when 243248 is divided by 175.
173
Calculate the remainder when 296383 is divided by 2796.
7
Calculate the remainder when 15756 is divided by 413.
62
What is the remainder when 4674 is divided by 109?
96
What is the remainder when 494157 is divided by 290?
287
What is the remainder when 14030 is divided by 104?
94
What is the remainder when 7799 is divided by 158?
57
What is the remainder when 54167 is divided by 488?
487
What is the remainder when 1155006 is divided by 706?
696
What is the remainder when 4879 is divided by 1474?
457
What is the remainder when 1977 is divided by 13?
1
What is the remainder when 1301 is divided by 287?
153
Calculate the remainder when 8396 is divided by 600.
596
Calculate the remainder when 2564 is divided by 795.
179
Calculate the remainder when 43602 is divided by 322.
132
Calculate the remainder when 153085 is divided by 51028.
1
Calculate the remainder when 5483 is divided by 356.
143
What is the remainder when 16068 is divided by 698?
14
What is the remainder when 317512 is divided by 158751?
10
Calculate the remainder when 14866 is divided by 16.
2
What is the remainder when 8458 is divided by 3722?
1014
What is the remainder when 1088399 is divided by 300?
299
What is the remainder when 14201 is divided by 49?
40
What is the remainder when 749068 is divided by 11704?
12
Calculate the remainder when 6105 is divided by 141.
42
What is the remainder when 56788 is divided by 71?
59
Calculate the remainder when 710 is divided by 535.
175
What is the remainder when 27054 is divided by 3357?
198
What is the remainder when 8898 is divided by 151?
140
What is the remainder when 136892 is divided by 102?
8
What is the remainder when 787175 is divided by 196793?
3
Calculate the remainder when 1020876 is divided by 111.
9
What is the remainder when 40753 is divided by 92?
89
What is the remainder when 5258 is divided by 2370?
518
Calculate the remainder when 46825 is divided by 17.
7
Calculate the remainder when 1918 is divided by 704.
510
Calculate the remainder when 97180 is divided by 619.
616
What is the remainder when 85693 is divided by 621?
616
Calculate the remainder when 18598 is divided by 232.
38
What is the remainder when 72824 is divided by 5597?
63
What is the remainder when 46 is divided by 22?
2
What is the remainder when 17393 is divided by 230?
143
Calculate the remainder when 49550 is divided by 85.
80
Calculate the remainder when 130276 is divided by 227.
205
What is the remainder when 105901 is divided by 200?
101
What is the remainder when 221040 is divided by 1399?
1397
What is the remainder when 86167 is divided by 72?
55
What is the remainder when 163308 is divided by 145?
38
What is the remainder when 7416 is divided by 2390?
246
Calculate the remainder when 258 is divided by 20.
18
What is the remainder when 8368 is divided by 127?
113
Calculate the remainder when 12759041 is divided by 1739.
1737
Calculate the remainder when 507470 is divided by 169147.
29
Calculate the remainder when 3425 is divided by 210.
65
What is the remainder when 36313 is divided by 3299?
24
Calculate the remainder when 483094 is divided by 12.
10
What is the remainder when 572 is divided by 45?
32
What is the remainder when 598 is divided by 581?
17
Calculate the remainder when 30058 is divided by 638.
72
Calculate the remainder when 4887454 is divided by 6.
4
What is the remainder when 3690 is divided by 86?
78
Calculate the remainder when 21504 is divided by 69.
45
Calculate the remainder when 13034 is divided by 181.
2
What is the remainder when 2126 is divided by 1047?
32
What is the remainder when 34120 is divided by 141?
139
What is the remainder when 76218 is divided by 802?
28
Calculate the remainder when 15168 is divided by 1516.
8
What is the remainder when 208542 is divided by 224?
222
Calculate the remainder when 7252 is divided by 2406.
34
Calculate the remainder when 116708 is divided by 12.
8
What is the remainder when 1009 is divided by 83?
13
Calculate the remainder when 685 is divided by 49.
48
Calculate the remainder when 1673 is divided by 556.
5
What is the remainder when 3297 is divided by 1071?
84
Calculate the remainder when 1484 is divided by 24.
20
Calculate the remainder when 178142 is divided by 6.
2
What is the remainder when 443 is divided by 160?
123
What is the remainder when 82